{"id":23,"date":"2018-10-08T12:35:00","date_gmt":"2018-10-08T10:35:00","guid":{"rendered":"http:\/\/www.institutorientzen.fr\/?page_id=23"},"modified":"2018-10-10T17:27:08","modified_gmt":"2018-10-10T15:27:08","slug":"mentions-legales","status":"publish","type":"page","link":"https:\/\/www.institutorientzen.fr\/index.php\/mentions-legales\/","title":{"rendered":"Mentions l\u00e9gales"},"content":{"rendered":"<p>Le site www.institutorientzen.fr est la propri\u00e9t\u00e9 de Mad\u00e9e TESSON dont le si\u00e8ge social se situe 27 rue Georges Cl\u00e9menceau, 85170 Belleville-sur-Vie \u2013 T\u00e9l: 02 51 41 14 20.<\/p>\n<p>Directeur de la publication : Mad\u00e9e Tesson.<\/p>\n<p>Le site est h\u00e9berg\u00e9 par la soci\u00e9t\u00e9 OVH \u2013 140 quai du Sartel \u2013 59100 Roubaix.<\/p>\n<p>&nbsp;<\/p>\n<h5>Reproduction<\/h5>\n<p>En application de la loi du 11 mars 1957 (art. 41) et du code de la propri\u00e9t\u00e9 intellectuelle du 1er juillet 1992 : l\u2019ensemble des textes, illustrations, photographies, plans, dessins, animations, vid\u00e9os, sons contenus sur ce site ne peuvent \u00eatre utilis\u00e9s ou reproduits sans autorisation.<\/p>\n<p>&nbsp;<\/p>\n<h5>Informations<\/h5>\n<p>Les informations publi\u00e9es sont r\u00e9guli\u00e8rement v\u00e9rifi\u00e9es.<\/p>\n<p>Les informations techniques sont \u00e0 titre informatif et sont susceptibles d\u2019\u00e9voluer.<\/p>\n<p>Les liens propos\u00e9s de mani\u00e8re indicative vers d\u2019autres sites ne sauraient engager la responsabilit\u00e9 de Mad\u00e9e Tesson quant \u00e0 leur contenu.<\/p>\n<p>Au regard de la loi 78-17 du 6 janvier 1978, vous disposez d\u2019un droit d\u2019acc\u00e8s et de rectification des donn\u00e9es personnelles vous concernant collect\u00e9es sur ce site. Pour l\u2019exercer il vous suffit de nous contacter :\u00a0<a href=\"mailto:institutorientzen@gmail.com\"><strong>email<\/strong><\/a><\/p>\n<p>&nbsp;<\/p>\n<hr \/>\n<p>&nbsp;<\/p>\n<h4>POLITIQUE DE CONFIDENTIALIT\u00c9<\/h4>\n<p>Nous nous engageons \u00e0 respecter la confidentialit\u00e9 des renseignements personnels que nous collectons.<\/p>\n<p>&nbsp;<\/p>\n<h5>Collecte des renseignements personnels<\/h5>\n<p>Nous collectons les renseignements suivants :<\/p>\n<ul>\n<li>Nom<\/li>\n<li>Adresse \u00e9lectronique<\/li>\n<li>Num\u00e9ro de t\u00e9l\u00e9phone<\/li>\n<\/ul>\n<p>Les renseignements personnels que nous collectons sont recueillis au travers de formulaires et gr\u00e2ce \u00e0 l\u2019interactivit\u00e9 \u00e9tablie entre vous et notre site Web. Nous utilisons \u00e9galement, comme indiqu\u00e9 dans la section suivante, des fichiers t\u00e9moins et\/ou journaux pour r\u00e9unir des informations vous concernant.<\/p>\n<h5><\/h5>\n<h5>Formulaires\u00a0 et interactivit\u00e9:<\/h5>\n<p>Vos renseignements personnels sont collect\u00e9s par le biais de formulaire, \u00e0 savoir :<\/p>\n<ul>\n<li>Formulaire de contact\/Demande de devis<\/li>\n<\/ul>\n<p>Nous utilisons les renseignements ainsi collect\u00e9s pour les finalit\u00e9s suivantes :<\/p>\n<ul>\n<li>Informations<\/li>\n<li>Statistiques<\/li>\n<li>Contact<\/li>\n<li>Gestion du site Web (pr\u00e9sentation, organisation)<\/li>\n<\/ul>\n<p>Vos renseignements sont \u00e9galement collect\u00e9s par le biais de l\u2019interactivit\u00e9 pouvant s\u2019\u00e9tablir entre vous et notre site Web et ce, de la fa\u00e7on suivante:<\/p>\n<ul>\n<li>Statistiques<\/li>\n<li>Contact<\/li>\n<li>Gestion du site Web (pr\u00e9sentation, organisation)<\/li>\n<\/ul>\n<p>Nous utilisons les renseignements ainsi collect\u00e9s pour les finalit\u00e9s suivantes :<\/p>\n<ul>\n<li>Correspondance<\/li>\n<li>Informations<\/li>\n<\/ul>\n<h5><\/h5>\n<h5>Fichiers journaux et t\u00e9moins<\/h5>\n<p>Nous recueillons certaines informations par le biais de fichiers journaux (log file) et de fichiers t\u00e9moins (cookies). Il s\u2019agit principalement des informations suivantes :<\/p>\n<ul>\n<li>Adresse IP<\/li>\n<li>Syst\u00e8me d\u2019exploitation<\/li>\n<li>Pages visit\u00e9es et requ\u00eates<\/li>\n<li>Heure et jour de connexion<\/li>\n<\/ul>\n<p>&nbsp;<\/p>\n<p>Le recours \u00e0 de tels fichiers nous permet :<\/p>\n<ul>\n<li>Am\u00e9lioration du service et accueil personnalis\u00e9<\/li>\n<li>Profil personnalis\u00e9 de consommation<\/li>\n<li>Statistique<\/li>\n<\/ul>\n<h5><\/h5>\n<h5>Droit d\u2019opposition et de retrait<\/h5>\n<p>Nous nous engageons \u00e0 vous offrir un droit d\u2019opposition et de retrait quant \u00e0 vos renseignements personnels.<br \/>\nLe droit d\u2019opposition s\u2019entend comme \u00e9tant la possibilit\u00e9 offerte aux internautes de refuser que leurs renseignements personnels soient utilis\u00e9es \u00e0 certaines fins mentionn\u00e9es lors de la collecte.<\/p>\n<p>Le droit de retrait s\u2019entend comme \u00e9tant la possibilit\u00e9 offerte aux internautes de demander \u00e0 ce que leurs renseignements personnels ne figurent plus, par exemple, dans une liste de diffusion.<\/p>\n<p>Pour pouvoir exercer ces droits :<br \/>\n27 rue Georges Cl\u00e9menceau &#8211; 85170 Belleville-sur-Vie<br \/>\n<span style=\"color: #0000ff;\"><strong><a style=\"color: #0000ff;\" href=\"mailto:institutorientzen@gmail.com\">email\u00a0<\/a><\/strong><\/span><\/p>\n<p>&nbsp;<\/p>\n<h5>Droit d\u2019acc\u00e8s<\/h5>\n<p>Nous nous engageons \u00e0 reconna\u00eetre un droit d\u2019acc\u00e8s et de rectification aux personnes concern\u00e9es d\u00e9sireuses de consulter, modifier, voire radier les informations les concernant.<br \/>\nL\u2019exercice de ce droit se fera : 27 rue Georges Cl\u00e9menceau &#8211; 85170 Belleville-sur-Vie<br \/>\n<span style=\"color: #0000ff;\"><strong><a style=\"color: #0000ff;\" href=\"mailto:institutorientzen@gmail.com\">email\u00a0<\/a><\/strong><\/span><\/p>\n<h5><\/h5>\n<h5>S\u00e9curit\u00e9<\/h5>\n<p>Les renseignements personnels que nous collectons sont conserv\u00e9s dans un environnement s\u00e9curis\u00e9. Les personnes travaillant pour nous sont tenues de respecter la confidentialit\u00e9 de vos informations.<br \/>\nPour assurer la s\u00e9curit\u00e9 de vos renseignements personnels, nous avons recours aux mesures suivantes :<\/p>\n<ul>\n<li>Protocole SSL (Secure Sockets Layer)<\/li>\n<li>Sauvegarde informatique<\/li>\n<li>D\u00e9veloppement de certificat num\u00e9rique<\/li>\n<li>Pare-feu (Firewalls)<\/li>\n<\/ul>\n<p>Nous nous engageons \u00e0 maintenir un haut degr\u00e9 de confidentialit\u00e9 en int\u00e9grant les derni\u00e8res innovations technologiques permettant d\u2019assurer la confidentialit\u00e9 de vos transactions. Toutefois, comme aucun m\u00e9canisme n\u2019offre une s\u00e9curit\u00e9 maximale, une part de risque est toujours pr\u00e9sente lorsque l\u2019on utilise Internet pour transmettre des renseignements personnels.<\/p>\n<p>&nbsp;<\/p>\n<h5>L\u00e9gislation<\/h5>\n<p>Nous nous engageons \u00e0 respecter les dispositions l\u00e9gislatives \u00e9nonc\u00e9es dans la loi informatique et libert\u00e9s n\u00b078-17 du 6 janvier 1978.<\/p>\n","protected":false},"excerpt":{"rendered":"<p>Le site www.institutorientzen.fr est la propri\u00e9t\u00e9 de Mad\u00e9e TESSON dont le si\u00e8ge social se situe 27 rue Georges Cl\u00e9menceau, 85170 &hellip; <\/p>\n<p><a href=\"https:\/\/www.institutorientzen.fr\/index.php\/mentions-legales\/\" class=\"more-link\">Lire la suite<\/a><\/p>\n","protected":false},"author":1,"featured_media":0,"parent":0,"menu_order":0,"comment_status":"closed","ping_status":"closed","template":"","meta":{"footnotes":""},"class_list":["post-23","page","type-page","status-publish","hentry"],"_links":{"self":[{"href":"https:\/\/www.institutorientzen.fr\/index.php\/wp-json\/wp\/v2\/pages\/23","targetHints":{"allow":["GET"]}}],"collection":[{"href":"https:\/\/www.institutorientzen.fr\/index.php\/wp-json\/wp\/v2\/pages"}],"about":[{"href":"https:\/\/www.institutorientzen.fr\/index.php\/wp-json\/wp\/v2\/types\/page"}],"author":[{"embeddable":true,"href":"https:\/\/www.institutorientzen.fr\/index.php\/wp-json\/wp\/v2\/users\/1"}],"replies":[{"embeddable":true,"href":"https:\/\/www.institutorientzen.fr\/index.php\/wp-json\/wp\/v2\/comments?post=23"}],"version-history":[{"count":2,"href":"https:\/\/www.institutorientzen.fr\/index.php\/wp-json\/wp\/v2\/pages\/23\/revisions"}],"predecessor-version":[{"id":184,"href":"https:\/\/www.institutorientzen.fr\/index.php\/wp-json\/wp\/v2\/pages\/23\/revisions\/184"}],"wp:attachment":[{"href":"https:\/\/www.institutorientzen.fr\/index.php\/wp-json\/wp\/v2\/media?parent=23"}],"curies":[{"name":"wp","href":"https:\/\/api.w.org\/{rel}","templated":true}]}}