{"id":87,"date":"2018-10-10T12:30:38","date_gmt":"2018-10-10T10:30:38","guid":{"rendered":"http:\/\/www.institutorientzen.fr\/?page_id=87"},"modified":"2025-10-17T12:12:21","modified_gmt":"2025-10-17T10:12:21","slug":"epilation","status":"publish","type":"page","link":"https:\/\/www.institutorientzen.fr\/index.php\/epilation\/","title":{"rendered":"\u00c9PILATION"},"content":{"rendered":"<div class=\"wp-block-image\">\n<figure class=\"alignright is-resized\"><a href=\"http:\/\/www.institutorientzen.fr\/index.php\/les-soins\/\"><img loading=\"lazy\" decoding=\"async\" width=\"295\" height=\"53\" src=\"http:\/\/www.institutorientzen.fr\/wp-content\/uploads\/2018\/10\/bouton-retour-aux-soins.png\" alt=\"\" class=\"wp-image-147\" style=\"width:119px;height:21px\"\/><\/a><\/figure>\n<\/div>\n\n\n<div class=\"wp-block-media-text alignwide is-stacked-on-mobile\"><figure class=\"wp-block-media-text__media\"><img loading=\"lazy\" decoding=\"async\" width=\"300\" height=\"200\" src=\"http:\/\/www.institutorientzen.fr\/wp-content\/uploads\/2018\/10\/relaxing-in-the-morning_4460x4460-300x200.jpg\" alt=\"\" class=\"wp-image-76 size-full\" srcset=\"https:\/\/www.institutorientzen.fr\/wp-content\/uploads\/2018\/10\/relaxing-in-the-morning_4460x4460-300x200.jpg 300w, https:\/\/www.institutorientzen.fr\/wp-content\/uploads\/2018\/10\/relaxing-in-the-morning_4460x4460-768x512.jpg 768w, https:\/\/www.institutorientzen.fr\/wp-content\/uploads\/2018\/10\/relaxing-in-the-morning_4460x4460-1024x683.jpg 1024w\" sizes=\"auto, (max-width: 300px) 100vw, 300px\" \/><\/figure><div class=\"wp-block-media-text__content\">\n<div class=\"wp-block-group\"><div class=\"wp-block-group__inner-container is-layout-flow wp-block-group-is-layout-flow\">\n<p style=\"font-size:26px\"><mark style=\"background-color:rgba(0, 0, 0, 0);color:#00d11e\" class=\"has-inline-color\">\u00c9pilation \u00e0 la cire ti\u00e8de et jetable BIO <\/mark><mark style=\"background-color:rgba(0, 0, 0, 0);color:#0002d1\" class=\"has-inline-color\">made <\/mark><mark style=\"background-color:rgba(0, 0, 0, 0)\" class=\"has-inline-color has-cyan-bluish-gray-color\">in <\/mark><mark style=\"background-color:rgba(0, 0, 0, 0)\" class=\"has-inline-color has-vivid-red-color\">France<\/mark><mark style=\"background-color:rgba(0, 0, 0, 0);color:#00d11e\" class=\"has-inline-color\">, \u00e0 base de r\u00e9sine de pin naturelle.<\/mark><\/p>\n<\/div><\/div>\n<\/div><\/div>\n\n\n\n<h4 class=\"wp-block-heading\">&nbsp;<\/h4>\n\n\n\n<h4 class=\"wp-block-heading\"><\/h4>\n\n\n\n<h4 class=\"wp-block-heading\"><strong>&gt; <span class=\"has-inline-color has-luminous-vivid-amber-color\">FEMME<\/span><\/strong><\/h4>\n\n\n\n<ul class=\"wp-block-list\">\n<li>L\u00e8vres ou sourcils ou menton: 9\u20ac<\/li>\n\n\n\n<li>Oreilles 7\u20ac<\/li>\n\n\n\n<li>Bras: 16.5\u20ac<\/li>\n\n\n\n<li>Demi-Jambes: 18.5\u20ac<\/li>\n\n\n\n<li>3\/4 jambes: 24\u20ac<\/li>\n\n\n\n<li>Cuisses: 17.5\u20ac<\/li>\n\n\n\n<li>Jambes compl\u00e8tes: 27\u20ac<\/li>\n\n\n\n<li>Maillot ou aisselles: 13\u20ac<\/li>\n\n\n\n<li>Maillot \u00e9chancr\u00e9 ou br\u00e9silien: 17\u20ac<\/li>\n\n\n\n<li>Maillot int\u00e9gral: 24\u20ac<\/li>\n\n\n\n<li>Bande ventre 2\u20ac<\/li>\n<\/ul>\n\n\n\n<p><strong>&gt;<span class=\"has-inline-color has-luminous-vivid-orange-color\"> <\/span><span class=\"has-inline-color has-luminous-vivid-amber-color\">HOMME<\/span><\/strong><\/p>\n\n\n\n<ul class=\"wp-block-list\">\n<li>Sourcils: 10.5\u20ac<\/li>\n\n\n\n<li>Nez \/ Epaules 6\u20ac &nbsp;<\/li>\n\n\n\n<li>Nuque: 9\u20ac<\/li>\n\n\n\n<li>Oreilles: 7\u20ac<\/li>\n\n\n\n<li>Jambes 29\u20ac&nbsp;<\/li>\n\n\n\n<li>Dos \/ torse: 22\u20ac<\/li>\n\n\n\n<li><strong><span style=\"color: #ff6600;\">Forfait <\/span><\/strong>&nbsp;2 zones -10%, 3 zones -15%<\/li>\n<\/ul>\n\n\n\n<p><strong><span class=\"has-inline-color has-luminous-vivid-amber-color\">FORFAITS<\/span><\/strong> femmes<\/p>\n\n\n\n<ul class=\"wp-block-list\">\n<li>L\u00e8vre + sourcils 17\u20ac<\/li>\n\n\n\n<li>\u00c9pilation visage 23\u20ac <\/li>\n\n\n\n<li>\u00bd Jambes + maillot ou aisselles 28\u20ac (25\u20ac \u00e9tudiants\/mineurs)<\/li>\n\n\n\n<li>\u00bd jambes + maillot + aisselles 36\u20ac<\/li>\n\n\n\n<li>\u00bd jambes + maillot \u00e9chancr\u00e9 + aisselles 39\u20ac<\/li>\n\n\n\n<li>\u00bd jambes + maillot int\u00e9gral + aisselles 45.50 \u20ac<\/li>\n\n\n\n<li>Jambes enti\u00e8res + maillot ou aisselles 38\u20ac<\/li>\n\n\n\n<li>Jambes enti\u00e8res + maillot \u00e9chancr\u00e9 42\u20ac<\/li>\n\n\n\n<li>Jambes enti\u00e8res + maillot + aisselles 45 \u20ac<\/li>\n\n\n\n<li>Jambes enti\u00e8res + maillot \u00e9chancr\u00e9 + aisselles 47\u20ac<\/li>\n\n\n\n<li>Jambes enti\u00e8res + maillot int\u00e9gral + aisselles 55\u20ac<\/li>\n<\/ul>\n\n\n\n<pre class=\"wp-block-code\"><code><\/code><\/pre>\n","protected":false},"excerpt":{"rendered":"<p>&nbsp; &gt; FEMME &gt; HOMME FORFAITS femmes<\/p>\n","protected":false},"author":1,"featured_media":0,"parent":0,"menu_order":0,"comment_status":"closed","ping_status":"closed","template":"","meta":{"footnotes":""},"class_list":["post-87","page","type-page","status-publish","hentry"],"_links":{"self":[{"href":"https:\/\/www.institutorientzen.fr\/index.php\/wp-json\/wp\/v2\/pages\/87","targetHints":{"allow":["GET"]}}],"collection":[{"href":"https:\/\/www.institutorientzen.fr\/index.php\/wp-json\/wp\/v2\/pages"}],"about":[{"href":"https:\/\/www.institutorientzen.fr\/index.php\/wp-json\/wp\/v2\/types\/page"}],"author":[{"embeddable":true,"href":"https:\/\/www.institutorientzen.fr\/index.php\/wp-json\/wp\/v2\/users\/1"}],"replies":[{"embeddable":true,"href":"https:\/\/www.institutorientzen.fr\/index.php\/wp-json\/wp\/v2\/comments?post=87"}],"version-history":[{"count":26,"href":"https:\/\/www.institutorientzen.fr\/index.php\/wp-json\/wp\/v2\/pages\/87\/revisions"}],"predecessor-version":[{"id":1369,"href":"https:\/\/www.institutorientzen.fr\/index.php\/wp-json\/wp\/v2\/pages\/87\/revisions\/1369"}],"wp:attachment":[{"href":"https:\/\/www.institutorientzen.fr\/index.php\/wp-json\/wp\/v2\/media?parent=87"}],"curies":[{"name":"wp","href":"https:\/\/api.w.org\/{rel}","templated":true}]}}